0200012121 (base 3) in base 6?
143322111
Convert -83641 (base 14) to base 6.
-10442345
What is 255200 (base 10) in base 13?
8c20a
2212200 (base 5) to base 7
220012
What is 36140362 (base 7) in base 2?
1100001110000000110101
12c26 (base 13) to base 5
2110030
Convert 2ab956 (base 16) to base 6.
140002434
What is 133806a (base 12) in base 5?
1433333334
Convert 21164312 (base 7) to base 6.
102305352
-1000212111220 (base 3) to base 16
-85ee7
-2894063 (base 11) to base 8
-22750364
What is -202520 (base 7) in base 13?
-12965
What is -10101001001001010110110 (base 2) in base 10?
-5542582
What is -15433225 (base 7) in base 14?
-2aa085
Convert face3 (base 16) to base 9.
1835163
Convert -2122210 (base 8) to base 5.
-121111113
12765575 (base 9) to base 12
213b472
11100010001010101001101 (base 2) to base 7
116664322
What is -111250 (base 7) in base 14?
-7260
Convert -11101220201 (base 3) to base 15.
-1aa44
2000001111100 (base 3) to base 8
4036043
What is 1424515 (base 6) in base 16?
13dff
Convert -11225212 (base 6) to base 12.
-148208
What is 24241100 (base 5) in base 9?
376244
Convert -a5473a (base 11) to base 10.
-1689929
Convert -44000 (base 10) to base 3.
-2020100122
Convert 227037 (base 8) to base 11.
53122
What is 128233 (base 9) in base 4?
103011303
Convert 5b3a6 (base 12) to base 10.
123246
Convert 200111020120021 (base 3) to base 15.
ce18bd
What is a426b7 (base 14) in base 16?
5483a9
What is -4704071 (base 10) in base 6?
-244454035
Convert -2b53b1 (base 14) to base 3.
-2211212000110
Convert 101111100000011010111 (base 2) to base 13.
42672a
What is -1111010001000100010 (base 2) in base 13?
-146915
58789 (base 13) to base 2
100111011110001101
-41413010 (base 6) to base 10
-1199454
-1044111440 (base 5) to base 9
-4344054
Convert 1761710 (base 12) to base 14.
90543a
Convert -116046 (base 9) to base 5.
-4220101
What is -6a2d6 (base 14) in base 6?
-5312500
What is -19365 (base 11) in base 8?
-64656
What is -1001000101110101111110 (base 2) in base 10?
-2383230
Convert -1303052 (base 6) to base 9.
-116835
What is -69191 (base 16) in base 12?
-189155
Convert -653bf7 (base 16) to base 4.
-121103233313
-2870 (base 12) to base 3
-20102210
Convert 6315346 (base 7) to base 2.
10111001101100100100
Convert -3224107 (base 8) to base 3.
-1121210211021
Convert -1a2a70 (base 11) to base 4.
-1030001302
What is -123605 (base 9) in base 8?
-222141
-240670 (base 10) to base 16
-3ac1e
What is 1c656 (base 16) in base 7?
663045
What is -246102 (base 7) in base 15?
-d66c
What is -55b4 (base 16) in base 10?
-21940
Convert 43d2cc (base 16) to base 7.
52531552
7440240 (base 8) to base 11
1134636
What is a5aba0 (base 14) in base 11?
3185450
Convert 2011120121 (base 3) to base 2.
1010011011001111
Convert -64263463 (base 8) to base 3.
-221211020000200
What is -30d68 (base 15) in base 7?
-1213412
Convert -2764162 (base 8) to base 12.
-317756
Convert -131003433 (base 5) to base 10.
-641118
What is 37c3c0 (base 13) in base 9?
2463244
Convert 10320101003 (base 4) to base 14.
2541a3
-101011000100010100110111 (base 2) to base 16
-ac4537
Convert 342133243 (base 5) to base 13.
413458
What is -318905c (base 13) in base 2?
-111001100110100010011010
What is -23099 (base 10) in base 8?
-55073
Convert 32441531 (base 8) to base 7.
113123242
Convert 2023020300 (base 4) to base 7.
4562346
Convert 414932 (base 13) to base 15.
2018a8
Convert -1355325 (base 6) to base 3.
-10221112122
What is 1033540 (base 6) in base 2?
1100100011000100
-1221201012112 (base 3) to base 11
-649557
What is -221021020002212 (base 3) in base 15?
-12a3b22
What is 886d2 (base 14) in base 16?
50b90
Convert -555141 (base 6) to base 9.
-70707
What is -223076 (base 16) in base 11?
-12a0467
350150 (base 7) to base 2
1111010000101110
What is 5932c (base 13) in base 3?
22021202121
-9964171 (base 11) to base 2
-1000010101101010000011101
What is -204ab9 (base 13) in base 5?
-143100331
-4104a (base 13) to base 10
-116503
What is 23131003 (base 4) in base 8?
133503
What is 154433 (base 12) in base 6?
11414503
6162050 (base 7) to base 6
23451512
Convert 28dc4c (base 14) to base 11.
890740
-5ec62e (base 15) to base 10
-4547519
4525413 (base 6) to base 4
313333101
What is 147a43 (base 14) in base 12?
2a454b
-20017 (base 12) to base 10
-41491
Convert -11610271 (base 8) to base 4.
-21301002321
-c72b8 (base 13) to base 9
-605814
Convert 3979a (base 15) to base 9.
310321
11601055 (base 8) to base 4
21300020231
Convert -52637477 (base 8) to base 11.
-6375989
-11425324 (base 7) to base 6
-33431314
Convert -1222111112012 (base 3) to base 15.
-15c03e
What is -6d017 (base 15) in base 3?
-122122212211
What is -690534 (base 13) in base 15?
-341780
What is -46545235 (base 7) in base 13?
-b051cb
Convert -6570601 (base 8) to base 6.
-101502453
What is -74c3 (base 14) in base 3?
-1000122210
Convert 51c6b (base 14) to base 16.
30297
Convert -2442223 (base 5) to base 15.
-dbe3
-19e2f5 (base 16) to base 10
-1696501
Convert 100101001011110110010001 (base 2) to base 3.
200100020112202
-122112011 (base 4) to base 11
-7408a
What is -237591 (base 10) in base 4?
-322000113
Convert -113133213 (base 5) to base 3.
-222110202110
-11003232130 (base 4) to base 11
-826257
Convert -ba2aa9 (base 15) to base 16.
-8752b6
3b1ee (base 16) to base 8
730756
What is -148907 (base 14) in base 6?
-23155055
Convert 4515523 (base 7) to base 14.
107a13
6124654 (base 8) to base 3
10001010010222
Convert 224055552 (base 6) to base 10.
4113500
480b8 (base 15) to base 6
4531145
Convert -155765 (base 13) to base 9.
-882012
Convert -10028543 (base 9) to base 11.
-27900a9
Convert 201221212100 (base 3) to base 5.
100032312
What is -a5485 (base 11) in base 8?
-454052
Convert 138924 (base 11) to base 9.
360268
-263cbd (base 14) to base 13
-371538
What is 416a6c (base 13) in base 12?
6187b3
2020320302 (base 4) to base 8
2107062
What is 23031300 (base 5) in base 9?
342430
What is -2111032 (base 4) in base 14?
-36a2
6271228 (base 11) to base 7
162653643
What is 212201021001200 (base 3) in base 5?
11211233033
What is -4651766 (base 8) in base 5?
-311013203
What is 91b95 (base 16) in base 8?
2215625
Convert a3969c (base 13) to base 11.
217973a
Convert -4020462 (base 7) to base 2.
-1110100000111110110
-3047502 (base 9) to base 16
-18cfdd
d90bc (base 14) to base 7
4312325
Convert 8a3a4 (base 11) to base 6.
2450031
What is 70555a1 (base 11) in base 12?
421b113
Convert 125a29 (base 11) to base 14.
52353
Convert 300230314 (base 5) to base 2.
100100000000110110100
1b409 (base 16) to base 15
2311a
Convert 110231232 (base 5) to base 14.
c5c03
Convert -2000210111021 (base 3) to base 15.
-164884
What is -3251532 (base 7) in base 10?
-399177
-201030412 (base 5) to base 10
-798857
Convert -db7c (base 15) to base 7.
-252321
Convert 35261 (base 7) to base 5.
242214
20011101202200 (base 3) to base 7
36560523
What is 9bb159 (base 15) in base 2?
11100010101101001001100
What is -203230 (base 12) in base 2?
-1111010110110000100
Convert 20100120110121 (base 3) to base 16.
3387ac
What is 239197 (base 12) in base 11?
363579
What is 2200433 (base 5) in base 3?
1220121021
What is 3032131213 (base 5) in base 4?
113120220013
What is 101230301110 (base 4) in base 5?
2141433303
What is -1722 (base 10) in base 12?
-bb6
-22120122 (base 3) to base 15
-1cbe
Convert 30003323 (base 5) to base 10.
234838
17ffa (base 16) to base 14
27b74
374535 (base 9) to base 16
3747b
-302732 (base 8) to base 2
-11000010111011010
What is -2223012010 (base 4) in base 9?
-1277281
What is -102210102 (base 3) in base 11?
-6506
Convert 110513554 (base 6) to base 2.
111101000011011001110
-5233224 (base 8) to base 10
-1390228
-1948910 (base 10) to base 5
-444331120
-41020531 (base 6) to base 13
-31c23a
-1011011000 (base 3) to base 13
-a449
Convert 62a69 (base 16) to base 14.
a7385
-1001011001010011100 (base 2) to base 13
-aa192
Convert 1102103 (base 7) to base 8.
410032
Convert 4856c1 (base 15) to base 2.
1101001100111100101010
Convert b3b61 (base 12) to base 11.
15056a
What is -438732 (base 12) in base 3?
-2000111001202
What is d7781 (base 16) in base 9?
1584573
What is 111010011111101 (base 2) in base 16?
74fd
Convert 21022311330 (base 4) to base 6.
123304140
Convert 133252 (base 13) to base 4.
1301101210
What is 1565145 (base 7) in base 4?
311030